-25a3 + 38?
-2569
In base 15, what is -a127 + -3?
-a12a
In base 9, what is -43 + 55661?
55617
In base 16, what is 5 + 129cf?
129d4
In base 12, what is -2039 + -91?
-210a
In base 16, what is 9cd0 + 1?
9cd1
In base 2, what is 11101000 + 10100000?
110001000
In base 3, what is -221120 - 100100?
-1021220
In base 3, what is 0 + -10?
-10
In base 2, what is 1001110011 - -1110010011?
11000000110
In base 13, what is -ca7 - 1cb?
-11a5
In base 3, what is -1 + 100200011?
100200010
In base 9, what is -5 + -21280?
-21285
In base 9, what is -71 - 420?
-501
In base 6, what is -1 + -2114440?
-2114441
In base 6, what is -2044 - -151?
-1453
In base 13, what is -147a + -28?
-14a5
In base 2, what is 1101101100010 + 10100?
1101101110110
In base 12, what is 49a7a + -3?
49a77
In base 8, what is 21254 - 3?
21251
In base 15, what is -1 - -d272?
d271
In base 4, what is 33301330 + 11?
33302001
In base 6, what is -54305054 - 3?
-54305101
In base 4, what is 10313203222 - 1?
10313203221
In base 12, what is 11a8b - 12?
11a79
In base 5, what is 13033120 - -14?
13033134
In base 9, what is 7518 + 53?
7572
In base 14, what is -1ca + 8?
-1c2
In base 10, what is -139685 + 6?
-139679
In base 2, what is -11010001 + -11000000?
-110010001
In base 13, what is -3 + -116c7?
-116ca
In base 13, what is -5ba3 + 42?
-5b61
In base 12, what is 9a58 - -4?
9a60
In base 6, what is 2 + -32034032?
-32034030
In base 6, what is -3500550 + 1?
-3500545
In base 6, what is 2445 - -2?
2451
In base 16, what is -1 + -e47a?
-e47b
In base 6, what is -320 - 4201?
-4521
In base 14, what is -39ba1 - 7?
-39ba8
In base 5, what is -1322 - -104443?
103121
In base 14, what is 3 - d2855?
-d2852
In base 9, what is 78635 + -2?
78633
In base 15, what is 0 - 2b7e?
-2b7e
In base 9, what is 1764 - -2126?
4001
In base 10, what is -32 + 5973?
5941
In base 8, what is -10225 - 1?
-10226
In base 6, what is -2114 + 42?
-2032
In base 9, what is 5 + -572153?
-572147
In base 13, what is -2ba7 - -1b?
-2b89
In base 2, what is 10110 + 11?
11001
In base 10, what is 1 - 976099?
-976098
In base 11, what is -2 - 176684?
-176686
In base 16, what is 2c8 + 11b?
3e3
In base 10, what is 4 - -45401?
45405
In base 14, what is -334 + 61c?
2c8
In base 16, what is -27 - 63e1?
-6408
In base 16, what is -67 + -91?
-f8
In base 4, what is 13110 - 222?
12222
In base 15, what is 1b + bac?
bc8
In base 7, what is -5 + -4145306?
-4145314
In base 11, what is 16a4 - -42?
1736
In base 6, what is 225303 - 5?
225254
In base 6, what is -25 - -23542?
23513
In base 16, what is f9 - 2e5d?
-2d64
In base 15, what is 450 + 101?
551
In base 5, what is -1433 + 302?
-1131
In base 12, what is -9a687 - -1?
-9a686
In base 5, what is -10343 + 4144?
-1144
In base 11, what is -9 - 4153?
-4161
In base 16, what is -20 + 2fe?
2de
In base 7, what is 2 - 32523?
-32521
In base 4, what is -10 + 131033201?
131033131
In base 2, what is 1011 - -1011001001101110?
1011001001111001
In base 4, what is -20321 + 32?
-20223
In base 9, what is 4 + -18276?
-18272
In base 16, what is -115c + -a?
-1166
In base 4, what is -32120 + -12212?
-110332
In base 12, what is -8 - 644?
-650
In base 11, what is a4 + 187?
280
In base 4, what is -133332 + 11110?
-122222
In base 12, what is 1739 + -2?
1737
In base 6, what is 12 - 1142221?
-1142205
In base 12, what is -460710 + 5?
-460707
In base 5, what is -10120 - 1332?
-12002
In base 8, what is 106 + 11557?
11665
In base 16, what is 41 - -2ce7?
2d28
In base 11, what is -93 + 67?
-27
In base 3, what is 10 + -2000222222?
-2000222212
In base 5, what is -141421 + -204?
-142130
In base 15, what is -2 + -55ed?
-5600
In base 11, what is 0 + 1a79?
1a79
In base 9, what is 4 + 858123?
858127
In base 7, what is 45424 + -14?
45410
In base 10, what is 535 - 149?
386
In base 4, what is -21 - -3030300?
3030213
In base 16, what is -77 - 2c1?
-338
In base 11, what is 17 + 637?
653
In base 9, what is -474 - -108?
-365
In base 3, what is 12 - -112100212?
112101001
In base 3, what is 2001 + -12220?
-10212
In base 13, what is 4 + -16695?
-16691
In base 3, what is 1002010001 - -201111?
1002211112
In base 10, what is -2491 + 156?
-2335
In base 16, what is fb + 24e?
349
In base 10, what is 2 + 736873?
736875
In base 5, what is 1244 + 1312?
3111
In base 4, what is -10232101 + 22?
-10232013
In base 13, what is 4b7c9 + 4?
4b800
In base 13, what is -1b5c3 + -5?
-1b5c8
In base 14, what is -cd - 22?
-111
In base 2, what is 10 + 111010010001?
111010010011
In base 3, what is 1 + 1121222012?
1121222020
In base 4, what is 0 + -220321130?
-220321130
In base 13, what is 55 + -1c2?
-16a
In base 13, what is -3898 - -11?
-3887
In base 14, what is 5a075 + 0?
5a075
In base 16, what is 8eb2 - 25?
8e8d
In base 12, what is 2340 - -62?
23a2
In base 10, what is -10 + -16638?
-16648
In base 9, what is 3734 - 173?
3551
In base 6, what is -101141 - 21?
-101202
In base 15, what is -23 + -2a10?
-2a33
In base 9, what is -2 - -103616?
103614
In base 15, what is 2c5 + 220?
4e5
In base 4, what is -113231231 + 11?
-113231220
In base 3, what is 122002122110 - -11?
122002122121
In base 9, what is 0 + 1548?
1548
In base 7, what is 66253 + 5?
66261
In base 16, what is 99 + 77?
110
In base 15, what is e614 + -8?
e60b
In base 13, what is 0 + -152465?
-152465
In base 16, what is 5 + 1293?
1298
In base 6, what is 2 + 513022?
513024
In base 8, what is -71007575 - -1?
-71007574
In base 4, what is 11031013 + -10133?
11020220
In base 3, what is 12 + -2210122121?
-2210122102
In base 9, what is -117 - -118452?
118334
In base 3, what is -1101 - -11001122000?
11001120122
In base 13, what is -32a5 + 162?
-3143
In base 6, what is -2111143 + 5?
-2111134
In base 2, what is -11101 - -100000110000100?
100000101100111
In base 11, what is -4316 + 5?
-4311
In base 5, what is -20121213 - 2?
-20121220
In base 13, what is -4244 - 9?
-4250
In base 9, what is 1 - -43432?
43433
In base 16, what is 2bfbf + -4?
2bfbb
In base 10, what is -3 - -66083?
66080
In base 2, what is -101000 + 1011011111001100?
1011011110100100
In base 10, what is 46042 - 2?
46040
In base 14, what is 1d3a8 - -5?
1d3ad
In base 16, what is 1505 + -4?
1501
In base 16, what is 17594 - -d?
175a1
In base 13, what is 3 + 3c4?
3c7
In base 8, what is -234 + 22513?
22257
In base 9, what is 444 - 40?
404
In base 7, what is 1 - 524113?
-524112
In base 10, what is -498430 - 1?
-498431
In base 15, what is 5839 - 1?
5838
In base 3, what is 20021 - 2111?
10210
In base 14, what is 8c0c - 10?
8bdc
In base 2, what is 1010100000100 - 11?
1010100000001
In base 12, what is -a5 - 1193?
-1278
In base 4, what is 113320 + -23?
113231
In base 9, what is -23324 + -1?
-23325
In base 13, what is 16c - 56?
116
In base 5, what is 4103 - 1232?
2321
In base 7, what is -1 + -101133?
-101134
In base 12, what is 7b38 + 0?
7b38
In base 11, what is 4 + 42315?
42319
In base 6, what is 234522 + 20?
234542
In base 3, what is -112 + -11101200002?
-11101200121
In base 7, what is -240 + 102156?
101616
In base 15, what is 7200a - 0?
7200a
In base 5, what is -1211432314 + -3?
-1211432322
In base 9, what is 0 - 17587?
-17587
In base 4, what is 3222 + 22?
3310
In base 16, what is 1 - faed?
-faec
In base 15, what is e - 87b9?
-87aa
In base 14, what is -1d75 - 11?
-1d86
In base 4, what is 203030020 - -2?
203030022
In base 5, what is 13110011 - 3?
13110003
In base 4, what is 111331032002 - 0?
111331032002
In base 14, what is -1 + 2a2?
2a1
In base 5, what is -142 - 2403200?
-2403342
In base 4, what is -1201 + -21223?
-23030
In base 6, what is 4 - -13544?
13552
In base 10, what is 3 - -13002?
13005
In base 15, what is -4 + -12b763?
-12b767
In base 15, what is -31439 + -4?
-3143d
In base 2, what is -10000000010 - 100011?
-10000100101
In base 16, what is -1dc1 - -29f?
-1b22
In base 8, what is -5150 - 763?
-6133
In base 4, what is -3 + -1001132113?
-1001132122
In base 4, what is 30103 - 112?
23331
In base 5, what is -1123030411 + -3?
-1123030414
In base 2, what is -10010010100000011 - -10000?
-10010010011110011
In base 9, what is 35335 - 3?
35332
In base 12, what is 870 - -a?
87a
In base 16, what is cd + 14d?
21a
In base 12, what is 5 + -11801?
-117b8
In base 11, what is 7 - -48982?
48989
In base 8, what is -4 - -46734?
46730
In base 2, what is 110101110111 + -101010?
110101001101
In base 15, what is 7 + -962?
-95a
In base 9, w